
What is the remainder when 597 is divided by 597?
0
Calculate the remainder when 6004892 is divided by 323.
322
What is the remainder when 146998 is divided by 31?
27
Calculate the remainder when 129578 is divided by 131.
19
What is the remainder when 37261 is divided by 16?
13
What is the remainder when 5443 is divided by 1806?
25
What is the remainder when 5402 is divided by 5137?
265
What is the remainder when 57358 is divided by 121?
4
What is the remainder when 9856 is divided by 23?
12
Calculate the remainder when 6336 is divided by 632.
16
Calculate the remainder when 33060 is divided by 22.
16
What is the remainder when 460 is divided by 250?
210
Calculate the remainder when 33463 is divided by 98.
45
Calculate the remainder when 724691 is divided by 17.
15
What is the remainder when 18308 is divided by 436?
432
Calculate the remainder when 3974 is divided by 157.
49
Calculate the remainder when 805 is divided by 289.
227
Calculate the remainder when 185732 is divided by 426.
422
What is the remainder when 9718 is divided by 647?
13
Calculate the remainder when 4057 is divided by 3894.
163
What is the remainder when 2665 is divided by 767?
364
Calculate the remainder when 882520 is divided by 831.
829
What is the remainder when 93413 is divided by 276?
125
What is the remainder when 145908 is divided by 14587?
38
What is the remainder when 79760 is divided by 60?
20
What is the remainder when 18611 is divided by 517?
516
Calculate the remainder when 251 is divided by 114.
23
What is the remainder when 2778 is divided by 98?
34
Calculate the remainder when 1338 is divided by 741.
597
What is the remainder when 16357 is divided by 30?
7
Calculate the remainder when 94290 is divided by 12.
6
What is the remainder when 1078 is divided by 513?
52
What is the remainder when 80359 is divided by 140?
139
What is the remainder when 147894 is divided by 87?
81
Calculate the remainder when 176885 is divided by 78.
59
What is the remainder when 2661 is divided by 45?
6
What is the remainder when 2828 is divided by 254?
34
What is the remainder when 129 is divided by 6?
3
Calculate the remainder when 805496 is divided by 180.
176
What is the remainder when 12695 is divided by 1448?
1111
Calculate the remainder when 8314 is divided by 63.
61
Calculate the remainder when 820972 is divided by 22.
20
Calculate the remainder when 3196 is divided by 610.
146
What is the remainder when 3424 is divided by 286?
278
What is the remainder when 4415 is divided by 2195?
25
What is the remainder when 20783 is divided by 10363?
57
What is the remainder when 66696 is divided by 41?
30
Calculate the remainder when 3788 is divided by 52.
44
What is the remainder when 342369 is divided by 114120?
9
Calculate the remainder when 54945 is divided by 2196.
45
Calculate the remainder when 61355 is divided by 117.
47
Calculate the remainder when 4747 is divided by 299.
262
Calculate the remainder when 4099 is divided by 649.
205
What is the remainder when 681 is divided by 608?
73
What is the remainder when 1593178 is divided by 32?
26
What is the remainder when 131439 is divided by 114?
111
Calculate the remainder when 6277 is divided by 6224.
53
Calculate the remainder when 303 is divided by 2.
1
What is the remainder when 97725 is divided by 358?
349
What is the remainder when 22263 is divided by 897?
735
Calculate the remainder when 157489 is divided by 14.
3
What is the remainder when 5367 is divided by 12?
3
What is the remainder when 277 is divided by 47?
42
Calculate the remainder when 1017 is divided by 205.
197
Calculate the remainder when 4189 is divided by 412.
69
What is the remainder when 41031 is divided by 283?
279
Calculate the remainder when 392 is divided by 125.
17
Calculate the remainder when 3118 is divided by 26.
24
Calculate the remainder when 2781 is divided by 312.
285
What is the remainder when 278991 is divided by 188?
187
Calculate the remainder when 75926 is divided by 938.
886
What is the remainder when 4960 is divided by 291?
13
What is the remainder when 5663 is divided by 237?
212
Calculate the remainder when 5437 is divided by 5.
2
Calculate the remainder when 4131 is divided by 37.
24
What is the remainder when 107225 is divided by 26785?
85
What is the remainder when 7221 is divided by 1197?
39
Calculate the remainder when 178 is divided by 73.
32
What is the remainder when 353324 is divided by 36?
20
Calculate the remainder when 20974 is divided by 368.
366
Calculate the remainder when 36211 is divided by 22.
21
Calculate the remainder when 337818 is divided by 864.
858
Calculate the remainder when 3760 is divided by 14.
8
What is the remainder when 503584 is divided by 101?
99
What is the remainder when 5053 is divided by 2523?
7
Calculate the remainder when 24059 is divided by 60.
59
What is the remainder when 7120 is divided by 7101?
19
Calculate the remainder when 10991 is divided by 5489.
13
What is the remainder when 130415 is divided by 6210?
5
What is the remainder when 1661 is divided by 817?
27
Calculate the remainder when 19781 is divided by 28.
13
What is the remainder when 77920 is divided by 595?
570
Calculate the remainder when 23876 is divided by 769.
37
Calculate the remainder when 363531 is divided by 26.
25
What is the remainder when 6438 is divided by 1362?
990
Calculate the remainder when 111692 is divided by 537.
533
What is the remainder when 110721 is divided by 55360?
1
What is the remainder when 304446 is divided by 30444?
6
Calculate the remainder when 2241 is divided by 524.
145
Calculate the remainder when 53032 is divided by 982.
4
What is the remainder when 25873 is divided by 3?
1
Calculate the remainder when 173577 is divided by 110.
107
Calculate the remainder when 146061 is divided by 179.
176
What is the remainder when 10027 is divided by 401?
2
Calculate the remainder when 3642 is divided by 3602.
40
What is the remainder when 82710 is divided by 39?
30
Calculate the remainder when 192418 is divided by 268.
262
Calculate the remainder when 30897 is divided by 20.
17
What is the remainder when 4277501 is divided by 28?
25
What is the remainder when 1044 is divided by 863?
181
Calculate the remainder when 64544 is divided by 12902.
34
What is the remainder when 210137 is divided by 9?
5
What is the remainder when 297 is divided by 59?
2
What is the remainder when 2392 is divided by 206?
126
Calculate the remainder when 992 is divided by 187.
57
Calculate the remainder when 1764 is divided by 1580.
184
What is the remainder when 4441 is divided by 38?
33
What is the remainder when 14385 is divided by 27?
21
Calculate the remainder when 4136 is divided by 7.
6
What is the remainder when 2390 is divided by 93?
65
Calculate the remainder when 24515 is divided by 24408.
107
Calculate the remainder when 7139 is divided by 1016.
27
What is the remainder when 1170474 is divided by 27?
24
Calculate the remainder when 258099 is divided by 308.
303
What is the remainder when 2291246 is divided by 195?
191
Calculate the remainder when 1323 is divided by 1252.
71
Calculate the remainder when 58222 is divided by 318.
28
What is the remainder when 247354 is divided by 8?
2
Calculate the remainder when 858 is divided by 1.
0
Calculate the remainder when 11067 is divided by 579.
66
Calculate the remainder when 28168 is divided by 626.
624
What is the remainder when 4920031 is divided by 97?
94
What is the remainder when 7366 is divided by 2351?
313
What is the remainder when 14418 is divided by 835?
223
What is the remainder when 17099 is divided by 26?
17
Calculate the remainder when 31967 is divided by 221.
143
What is the remainder when 8995 is divided by 274?
227
Calculate the remainder when 69685 is divided by 34784.
117
Calculate the remainder when 146884 is divided by 13.
10
What is the remainder when 625258 is divided by 625254?
4
What is the remainder when 292495 is divided by 146232?
31
Calculate the remainder when 856595 is divided by 285531.
2
What is the remainder when 20867 is divided by 4040?
667
Calculate the remainder when 132371 is divided by 121.
118
What is the remainder when 8253 is divided by 374?
25
What is the remainder when 3315 is divided by 256?
243
Calculate the remainder when 210132 